remainder when 35 is divided by (o/(-14))/(3/(-21)).
17
Suppose -3*t - 2*t + 200 = 0. What is the remainder when 14 is divided by (18/15)/(6/t)?
6
Suppose -64 = 3*t - 5*t. Let g(i) = -i**3 + 6*i**2 - 3*i + 7. Suppose -5*s = -2*s - 15. What is the remainder when t is divided by g(s)?
15
Let m = 132 + -98. What is the remainder when 2/(12/(-21))*-38 is divided by m?
31
Let m(k) = 17*k**2 + k + 1. Calculate the remainder when m(-2) is divided by 34.
33
Let l(g) = -g**3 + 6*g**2 - 3*g + 1. Let y(k) = 2*k**2 - 4*k + 9. What is the remainder when y(5) is divided by l(4)?
18
Let m be 356/10 - (-12)/30. Suppose g - 77 = -5*c, 5*c = -5*g + 101 - m. Suppose 0*r = 4*r - c. Calculate the remainder when r is divided by 2.
0
Calculate the remainder when (-1)/(3/(-6)) + 47 is divided by 18.
13
Suppose 0 = 6*q - q - 10. Suppose t - p = -14, -q*t + t + 6 = 3*p. Let y = 19 - t. Calculate the remainder when y is divided by 10.
8
Let g(c) = -1 - 4*c + 3 - 6 + 3. Suppose -f - 4 = -0*f. Calculate the remainder when 28 is divided by g(f).
13
What is the remainder when 1/(-1) - (-28 + -2) is divided by 6/3 + 12 + -4?
9
Let n(d) = d**2 - d + 33. What is the remainder when n(0) is divided by 9?
6
Let j(h) = -3*h**2 - h + 9. Let m(o) = -13*o**2 - 4*o + 37. Let s(u) = 9*j(u) - 2*m(u). Calculate the remainder when s(0) is divided by (-3)/(-6) - -18*4/16.
2
Let m = -17 - -26. Calculate the remainder when (-1701)/(-99) + 4/(-22) is divided by m.
8
Let r = -22 - -39. What is the remainder when r is divided by (-2 - (4 - 3))*-3?
8
What is the remainder when ((-1 - 1) + (0 - -1))*-62 is divided by 32?
30
Let o be ((-8)/(-5))/((-18)/(-225)). What is the remainder when 27 is divided by (-1)/((-2)/o) - 0?
7
Let d(w) = -3*w**3. Suppose 0 = j - 1 - 2. Calculate the remainder when d(-1) is divided by 5 + 0 + (-9)/j.
1
Suppose 2*p + 4*k - 104 = 0, -3*k - 247 = -5*p - 0*k. Suppose 6*i - p = 4*i. What is the remainder when i is divided by 13?
12
Let y be ((-112)/12)/(2/15). Let j = 47 + y. Let o = -12 - j. What is the remainder when o is divided by 6?
5
Suppose m - 3 = 1. Suppose -180 = 4*b + 4*n, 2*b - 95 = m*b - 3*n. Let x = -26 - b. Calculate the remainder when 59 is divided by x.
19
Let p = 208 + -141. Calculate the remainder when p is divided by 17.
16
Let u be 62/12 + (-1)/6. Suppose -2*j + u*r - 58 = -4*j, -164 = -4*j + 2*r. Calculate the remainder when j is divided by 8.
7
Suppose -3*k - 16 = -64. Let z(h) = 13*h**2 + 2*h - 1. What is the remainder when z(-2) is divided by k?
15
Let q = -10 + 3. Let s = q - -13. Let v(y) = 5*y + 5. What is the remainder when v(s) is divided by 12?
11
Suppose 0 = 13*j - 20*j + 98. What is the remainder when 50 is divided by j?
8
Let g(n) = 8*n**2 - 2*n + 1. Let l(i) be the third derivative of -i**4/24 - 2*i**3/3 - 3*i**2. Calculate the remainder when g(1) is divided by l(-7).
1
Let v = -26 - -35. Let b(z) = -z**2 - 11*z - 13. Calculate the remainder when b(-7) is divided by v.
6
Let g(c) = -c**3 - 2*c**2 - 2*c + 5. What is the remainder when 87 is divided by g(-4)?
42
Let d(g) = 9*g**3 - g**2 + 2*g - 1. What is the remainder when ((-1)/(-1))/((-8)/(-136)) is divided by d(1)?
8
Let r = 77 + -44. Calculate the remainder when 97 is divided by r.
31
Let s(l) = -l**3 + 8*l**2 + l + 12. Calculate the remainder when 31 is divided by s(8).
11
Let a(v) = 2*v + 6. Let x be a(-4). Let c(d) = -2*d**2 - 3*d. Let g be c(x). Let i = g - -3. Calculate the remainder when 1 is divided by i.
0
Let f(c) = -2*c**2 + 13*c + 2. What is the remainder when 22 is divided by f(6)?
6
Suppose 0 = -14*s + 176 + 202. Calculate the remainder when 77 is divided by s.
23
Suppose -b + 4*f = -5 - 0, -4*b + 2*f = -20. Let k(g) = -g**3 + 7*g**2 - g - 5. What is the remainder when k(b) is divided by 14?
12
Suppose -8*k - 6*k = -756. Let c(p) = 6*p**2 + 2*p - 1. What is the remainder when k is divided by c(-2)?
16
Let z(q) = -q**2 + 10*q + 16. Let l be z(11). Let r = l - -1. Calculate the remainder when 21 is divided by r.
3
Let t = 33 + 39. Let b = -3 - -5. Calculate the remainder when 28 is divided by b/(-7) - t/(-7).
8
Suppose -i - 4*y = -65, -2*i + y = -78 - 61. What is the remainder when i is divided by 24?
21
What is the remainder when 19 is divided by (1 + 2/(-4))*22?
8
Suppose 2*x = -y + 21 - 5, 2*x - 4*y = 26. Calculate the remainder when 34 is divided by x.
7
Suppose -3*f + 173 = -0*m + 2*m, 3*m = -2*f + 117. Calculate the remainder when 111 is divided by f.
54
Calculate the remainder when -1 + 28*2 + -3 is divided by 18.
16
Let x(l) = l**2 + 5*l - 10. Let y = -3 + 13. Calculate the remainder when y/15 - 19/(-3) is divided by x(-7).
3
What is the remainder when ((-2)/(-3))/(2/168) is divided by ((-14)/28)/((-1)/38)?
18
Suppose -x = -2*x + u + 43, x - 4*u - 34 = 0. What is the remainder when x is divided by 12?
10
Let y = -127 - -128. Calculate the remainder when y is divided by 1.
0
Let p(m) = 10*m**2 + 1. Suppose 2*w + 4*j = 12, -4*j - 30 = -5*w - j. Let c(q) = -q**3 + 7*q**2 - 5. What is the remainder when c(w) is divided by p(-1)?
9
Let q(f) be the third derivative of f**5/20 - f**4/12 - f**3/3 + f**2. Let b = 129 + -88. Calculate the remainder when b is divided by q(-2).
13
Suppose -15*c + 0*c = -1995. Calculate the remainder when c is divided by 45.
43
Let f(c) = -c - 3. Let w be f(-5). Let q = w + 0. Suppose -q*x = -32 - 44. What is the remainder when x is divided by 13?
12
Let r be 4/8*2*-72. Let o = 127 + r. Calculate the remainder when o is divided by 14.
13
Let u = -52 - -81. What is the remainder when u is divided by 10?
9
Suppose 4*t - 270 = 26. Calculate the remainder when t is divided by 39.
35
Let r be (-6)/(-8) + 3/12. Let l = 23 - r. Calculate the remainder when l is divided by 6.
4
Let r(l) be the second derivative of -3*l**3/2 + 3*l**2/2 - 2*l. What is the remainder when r(-4) is divided by 14?
11
Suppose -4*j = 7 - 23. Suppose -2*w - 4*i - 28 = 0, -2*i = w + i + 18. Calculate the remainder when j is divided by w/(-4)*(-1 + 3).
1
Suppose 411 = 5*s - 104. Calculate the remainder when s is divided by 21.
19
Let j(d) = d**3 - 2*d**2 - d + 11. Suppose 4*m + 41 = 2*b + 243, 3*m = 4*b + 164. Calculate the remainder when m is divided by j(3).
14
Suppose 3*m - l + 6 = 51, 3*l = -5*m + 61. Suppose -r + 3*c = -32, -m = -3*r + r - 4*c. What is the remainder when 50 is divided by r?
16
Suppose 8*c + 591 - 599 = 0. Calculate the remainder when (-2)/8 - 18/(-8) is divided by c.
0
Suppose -2*y + 5*m + 65 = 2, -2*m - 33 = -y. Calculate the remainder when 272 is divided by y.
38
Suppose 5 = s + s + 3*h, -3*h = 3. What is the remainder when s is divided by 2?
0
Suppose 3*x - 2 = -k, -3*k + 4*k + 2 = x. Let w = k + 12. What is the remainder when 20 is divided by w?
9
Suppose -5*c = -11 - 9, 0 = v + 5*c - 37. Suppose -2*g + 0*g = b - 7, -11 = -2*g + 3*b. What is the remainder when v is divided by g?
1
Suppose -114 = -5*h + 2*o - 6*o, -4*o = -4. What is the remainder when 40 is divided by h?
18
Suppose 9*s = -0*s + 783. What is the remainder when s is divided by 22?
21
Let n(w) = -w**2 - 4*w + 5. Let d(a) = a**2 - a + 1. Calculate the remainder when n(-4) is divided by d(-1).
2
Let r = 82 + -36. What is the remainder when r is divided by 3 + -3 + -3 + 15?
10
Suppose -3*v - 12 = -w, 2*v = w - 3*w - 16. Let g(l) = -l + 4. Let s be g(v). Let u = s - 5. Calculate the remainder when 7 is divided by u.
3
Let u = 146 - 79. What is the remainder when u is divided by 23?
21
Let b = 255 + -176. Calculate the remainder when b is divided by 21.
16
Suppose 4*a + 14 = 2. What is the remainder when 10/(22/6 + a) is divided by 8?
7
What is the remainder when 90 - -6*3/(-6) is divided by 10?
7
Let b(f) = 3*f - 6. Let t be b(4). Suppose 3 = 3*a - t. Suppose -38 = -5*m + a*m. Calculate the remainder when m is divided by 11.
8
Suppose -30 = -r - 2*x + 5*x, -3*r - 5*x = -34. What is the remainder when r is divided by 7?
4
Let d = -14 + 29. Suppose 3*g = -d, 32 - 1 = 4*t - 3*g. What is the remainder when 13 is divided by t?
1
Suppose -5*g - 2*t = -48 - 109, -4*g = -t - 123. Let q(a) = 4*a**2 - a - 3. What is the remainder when g is divided by q(2)?
9
Calculate the remainder when 13*(5/5)/(0 - -1) is divided by 4.
1
Let x be (4 + 18/(-3))*-2. Let n(y) = y + 2. Let l be n(6). Let c = x + l. Calc